{"id":692,"date":"2025-10-09T20:07:56","date_gmt":"2025-10-09T20:07:56","guid":{"rendered":"https:\/\/dallasmotelsc.com.br\/biguacu\/?page_id=692"},"modified":"2025-10-20T18:15:50","modified_gmt":"2025-10-20T18:15:50","slug":"apto-dallas-3","status":"publish","type":"page","link":"https:\/\/dallasmotelsc.com.br\/biguacu\/apto-dallas-3\/","title":{"rendered":"Apto Dallas"},"content":{"rendered":"\t\t<div data-elementor-type=\"wp-page\" data-elementor-id=\"692\" class=\"elementor elementor-692\" data-elementor-post-type=\"page\">\n\t\t\t\t<div class=\"elementor-element elementor-element-bcae39b e-con-full e-flex parallax_section_no qode_elementor_container_no e-con e-parent\" data-id=\"bcae39b\" data-element_type=\"container\" data-settings=\"{&quot;background_background&quot;:&quot;classic&quot;}\">\n\t\t<div class=\"elementor-element elementor-element-eb66241 e-flex e-con-boxed parallax_section_no qode_elementor_container_no e-con e-child\" data-id=\"eb66241\" data-element_type=\"container\" data-settings=\"{&quot;background_background&quot;:&quot;classic&quot;}\">\n\t\t\t\t\t<div class=\"e-con-inner\">\n\t\t<div class=\"elementor-element elementor-element-03518b2 e-con-full e-flex parallax_section_no qode_elementor_container_no e-con e-child\" data-id=\"03518b2\" data-element_type=\"container\">\n\t\t\t\t<div class=\"elementor-element elementor-element-abe3709 elementor-widget elementor-widget-heading\" data-id=\"abe3709\" data-element_type=\"widget\" data-widget_type=\"heading.default\">\n\t\t\t\t<div class=\"elementor-widget-container\">\n\t\t\t\t\t<h1 class=\"elementor-heading-title elementor-size-default\">Apartamento Dallas<\/h1>\t\t\t\t<\/div>\n\t\t\t\t<\/div>\n\t\t\t\t<div class=\"elementor-element elementor-element-27c1e13 elementor-widget-divider--view-line elementor-widget elementor-widget-divider\" data-id=\"27c1e13\" data-element_type=\"widget\" data-widget_type=\"divider.default\">\n\t\t\t\t<div class=\"elementor-widget-container\">\n\t\t\t\t\t\t\t<div class=\"elementor-divider\">\n\t\t\t<span class=\"elementor-divider-separator\">\n\t\t\t\t\t\t<\/span>\n\t\t<\/div>\n\t\t\t\t\t\t<\/div>\n\t\t\t\t<\/div>\n\t\t\t\t<div class=\"elementor-element elementor-element-3303847 elementor-widget elementor-widget-text-editor\" data-id=\"3303847\" data-element_type=\"widget\" data-widget_type=\"text-editor.default\">\n\t\t\t\t<div class=\"elementor-widget-container\">\n\t\t\t\t\t\t\t\t\tElegante e acolhedora, esta su\u00edte com p\u00e9-direito mais alto, oferece conforto, amplitude, sofistica\u00e7\u00e3o e privacidade em um ambiente exclusivo. Equipada com TV de 40 polegadas, frigobar e ar-condicionado, permitindo bem-estar em todos os momentos.\t\t\t\t\t\t\t\t<\/div>\n\t\t\t\t<\/div>\n\t\t\t\t<div class=\"elementor-element elementor-element-169dae5 elementor-widget elementor-widget-text-editor\" data-id=\"169dae5\" data-element_type=\"widget\" data-widget_type=\"text-editor.default\">\n\t\t\t\t<div class=\"elementor-widget-container\">\n\t\t\t\t\t\t\t\t\tO jardim privativo nos aptos 11 e 12, e as duas duchas do apto 14 oferecem um diferencial, criando uma atmosfera tranquila e exclusiva para relaxar. Al\u00e9m disso, a su\u00edte conta com Wi-Fi gratuito e garagem privativa, proporcionando total conforto e discri\u00e7\u00e3o durante a estadia.\t\t\t\t\t\t\t\t<\/div>\n\t\t\t\t<\/div>\n\t\t\t\t<div class=\"elementor-element elementor-element-da028ae elementor-widget elementor-widget-text-editor\" data-id=\"da028ae\" data-element_type=\"widget\" data-widget_type=\"text-editor.default\">\n\t\t\t\t<div class=\"elementor-widget-container\">\n\t\t\t\t\t\t\t\t\t<b>Valores<\/b> \t\t\t\t\t\t\t\t<\/div>\n\t\t\t\t<\/div>\n\t\t\t\t<div class=\"elementor-element elementor-element-60309d2 elementor-widget elementor-widget-text-editor\" data-id=\"60309d2\" data-element_type=\"widget\" data-widget_type=\"text-editor.default\">\n\t\t\t\t<div class=\"elementor-widget-container\">\n\t\t\t\t\t\t\t\t\t<strong>Entrada entre (04:00 E 17:59 hs):<\/strong> R$ 104,00 &#8211; sendo R$ 18,00 a hora adicional \t\t\t\t\t\t\t\t<\/div>\n\t\t\t\t<\/div>\n\t\t\t\t<div class=\"elementor-element elementor-element-3773eaa elementor-widget elementor-widget-text-editor\" data-id=\"3773eaa\" data-element_type=\"widget\" data-widget_type=\"text-editor.default\">\n\t\t\t\t<div class=\"elementor-widget-container\">\n\t\t\t\t\t\t\t\t\t<strong>Entrada entre (18:00 E 03:59 hs):<\/strong> R$ 116,00 &#8211; sendo R$ 18,00 a hora adicional \t\t\t\t\t\t\t\t<\/div>\n\t\t\t\t<\/div>\n\t\t\t\t<div class=\"elementor-element elementor-element-d2fe311 elementor-widget elementor-widget-text-editor\" data-id=\"d2fe311\" data-element_type=\"widget\" data-widget_type=\"text-editor.default\">\n\t\t\t\t<div class=\"elementor-widget-container\">\n\t\t\t\t\t\t\t\t\tToler\u00e2ncia m\u00e1ximo de 5 minutos. Valores para 2 Pessoas, acrescidos de 35% por pessoa adicional.\t\t\t\t\t\t\t\t<\/div>\n\t\t\t\t<\/div>\n\t\t\t\t<\/div>\n\t\t\t\t\t<\/div>\n\t\t\t\t<\/div>\n\t\t<div class=\"elementor-element elementor-element-bcccdbe e-flex e-con-boxed parallax_section_no qode_elementor_container_no e-con e-child\" data-id=\"bcccdbe\" data-element_type=\"container\" data-settings=\"{&quot;background_background&quot;:&quot;classic&quot;}\">\n\t\t\t\t\t<div class=\"e-con-inner\">\n\t\t\t\t\t<\/div>\n\t\t\t\t<\/div>\n\t\t\t\t<\/div>\n\t\t<div class=\"elementor-element elementor-element-4604523 e-con-full e-flex parallax_section_no qode_elementor_container_no e-con e-parent\" data-id=\"4604523\" data-element_type=\"container\" data-settings=\"{&quot;background_background&quot;:&quot;classic&quot;}\">\n\t\t<div class=\"elementor-element elementor-element-6cf9ff0 e-con-full e-flex parallax_section_no qode_elementor_container_no e-con e-child\" data-id=\"6cf9ff0\" data-element_type=\"container\">\n\t\t\t\t<div class=\"elementor-element elementor-element-2b87f5d elementor-arrows-position-inside elementor-widget elementor-widget-image-carousel\" data-id=\"2b87f5d\" data-element_type=\"widget\" data-settings=\"{&quot;slides_to_show&quot;:&quot;4&quot;,&quot;navigation&quot;:&quot;arrows&quot;,&quot;lazyload&quot;:&quot;yes&quot;,&quot;slides_to_show_mobile&quot;:&quot;1&quot;,&quot;autoplay&quot;:&quot;yes&quot;,&quot;pause_on_hover&quot;:&quot;yes&quot;,&quot;pause_on_interaction&quot;:&quot;yes&quot;,&quot;autoplay_speed&quot;:5000,&quot;infinite&quot;:&quot;yes&quot;,&quot;speed&quot;:500}\" data-widget_type=\"image-carousel.default\">\n\t\t\t\t<div class=\"elementor-widget-container\">\n\t\t\t\t\t\t\t<div class=\"elementor-image-carousel-wrapper swiper\" role=\"region\" aria-roledescription=\"carousel\" aria-label=\"Carrossel de imagens\" dir=\"ltr\">\n\t\t\t<div class=\"elementor-image-carousel swiper-wrapper\" aria-live=\"off\">\n\t\t\t\t\t\t\t\t<div class=\"swiper-slide\" role=\"group\" aria-roledescription=\"slide\" aria-label=\"1 de 21\"><a data-elementor-open-lightbox=\"yes\" data-elementor-lightbox-slideshow=\"2b87f5d\" data-elementor-lightbox-title=\"1\" data-e-action-hash=\"#elementor-action%3Aaction%3Dlightbox%26settings%3DeyJpZCI6MTAzNCwidXJsIjoiaHR0cHM6XC9cL2RhbGxhc21vdGVsc2MuY29tLmJyXC9iaWd1YWN1XC93cC1jb250ZW50XC91cGxvYWRzXC8yMDI1XC8xMFwvMS0zLmpwZyIsInNsaWRlc2hvdyI6IjJiODdmNWQifQ%3D%3D\" href=\"https:\/\/dallasmotelsc.com.br\/biguacu\/wp-content\/uploads\/2025\/10\/1-3.jpg\"><figure class=\"swiper-slide-inner\"><img class=\"swiper-slide-image swiper-lazy\" data-src=\"https:\/\/dallasmotelsc.com.br\/biguacu\/wp-content\/uploads\/elementor\/thumbs\/1-3-rd5meqlhma7kc5x024rc3hdggnm4hd5sivhgzf5xuo.jpg\" alt=\"1\" \/><div class=\"swiper-lazy-preloader\"><\/div><\/figure><\/a><\/div><div class=\"swiper-slide\" role=\"group\" aria-roledescription=\"slide\" aria-label=\"2 de 21\"><a data-elementor-open-lightbox=\"yes\" data-elementor-lightbox-slideshow=\"2b87f5d\" data-elementor-lightbox-title=\"2\" data-e-action-hash=\"#elementor-action%3Aaction%3Dlightbox%26settings%3DeyJpZCI6MTAzNSwidXJsIjoiaHR0cHM6XC9cL2RhbGxhc21vdGVsc2MuY29tLmJyXC9iaWd1YWN1XC93cC1jb250ZW50XC91cGxvYWRzXC8yMDI1XC8xMFwvMi0zLmpwZyIsInNsaWRlc2hvdyI6IjJiODdmNWQifQ%3D%3D\" href=\"https:\/\/dallasmotelsc.com.br\/biguacu\/wp-content\/uploads\/2025\/10\/2-3.jpg\"><figure class=\"swiper-slide-inner\"><img class=\"swiper-slide-image swiper-lazy\" data-src=\"https:\/\/dallasmotelsc.com.br\/biguacu\/wp-content\/uploads\/elementor\/thumbs\/2-3-rd5mesh5zya4zdu9r5kl8gwdnfcuwrd974sfxz35i8.jpg\" alt=\"2\" \/><div class=\"swiper-lazy-preloader\"><\/div><\/figure><\/a><\/div><div class=\"swiper-slide\" role=\"group\" aria-roledescription=\"slide\" aria-label=\"3 de 21\"><a data-elementor-open-lightbox=\"yes\" data-elementor-lightbox-slideshow=\"2b87f5d\" data-elementor-lightbox-title=\"3\" data-e-action-hash=\"#elementor-action%3Aaction%3Dlightbox%26settings%3DeyJpZCI6MTAzNiwidXJsIjoiaHR0cHM6XC9cL2RhbGxhc21vdGVsc2MuY29tLmJyXC9iaWd1YWN1XC93cC1jb250ZW50XC91cGxvYWRzXC8yMDI1XC8xMFwvMy0zLmpwZyIsInNsaWRlc2hvdyI6IjJiODdmNWQifQ%3D%3D\" href=\"https:\/\/dallasmotelsc.com.br\/biguacu\/wp-content\/uploads\/2025\/10\/3-3.jpg\"><figure class=\"swiper-slide-inner\"><img class=\"swiper-slide-image swiper-lazy\" data-src=\"https:\/\/dallasmotelsc.com.br\/biguacu\/wp-content\/uploads\/elementor\/thumbs\/3-3-rd5metf06sbfazswlnz7synu8t884ggzj9fxf91rc0.jpg\" alt=\"3\" \/><div class=\"swiper-lazy-preloader\"><\/div><\/figure><\/a><\/div><div class=\"swiper-slide\" role=\"group\" aria-roledescription=\"slide\" aria-label=\"4 de 21\"><a data-elementor-open-lightbox=\"yes\" data-elementor-lightbox-slideshow=\"2b87f5d\" data-elementor-lightbox-title=\"4\" data-e-action-hash=\"#elementor-action%3Aaction%3Dlightbox%26settings%3DeyJpZCI6MTAzNywidXJsIjoiaHR0cHM6XC9cL2RhbGxhc21vdGVsc2MuY29tLmJyXC9iaWd1YWN1XC93cC1jb250ZW50XC91cGxvYWRzXC8yMDI1XC8xMFwvNC0zLmpwZyIsInNsaWRlc2hvdyI6IjJiODdmNWQifQ%3D%3D\" href=\"https:\/\/dallasmotelsc.com.br\/biguacu\/wp-content\/uploads\/2025\/10\/4-3.jpg\"><figure class=\"swiper-slide-inner\"><img class=\"swiper-slide-image swiper-lazy\" data-src=\"https:\/\/dallasmotelsc.com.br\/biguacu\/wp-content\/uploads\/elementor\/thumbs\/4-3-rd5mevaokgdzy7q6aosgxy6rfkyyjuog7iqwdsyyzk.jpg\" alt=\"4\" \/><div class=\"swiper-lazy-preloader\"><\/div><\/figure><\/a><\/div><div class=\"swiper-slide\" role=\"group\" aria-roledescription=\"slide\" aria-label=\"5 de 21\"><a data-elementor-open-lightbox=\"yes\" data-elementor-lightbox-slideshow=\"2b87f5d\" data-elementor-lightbox-title=\"5\" data-e-action-hash=\"#elementor-action%3Aaction%3Dlightbox%26settings%3DeyJpZCI6MTAzOCwidXJsIjoiaHR0cHM6XC9cL2RhbGxhc21vdGVsc2MuY29tLmJyXC9iaWd1YWN1XC93cC1jb250ZW50XC91cGxvYWRzXC8yMDI1XC8xMFwvNS0zLmpwZyIsInNsaWRlc2hvdyI6IjJiODdmNWQifQ%3D%3D\" href=\"https:\/\/dallasmotelsc.com.br\/biguacu\/wp-content\/uploads\/2025\/10\/5-3.jpg\"><figure class=\"swiper-slide-inner\"><img class=\"swiper-slide-image swiper-lazy\" data-src=\"https:\/\/dallasmotelsc.com.br\/biguacu\/wp-content\/uploads\/elementor\/thumbs\/5-3-rd5mex6cy4gklfnfzplq2xpomcpoz8vwvs1vccw6n4.jpg\" alt=\"5\" \/><div class=\"swiper-lazy-preloader\"><\/div><\/figure><\/a><\/div><div class=\"swiper-slide\" role=\"group\" aria-roledescription=\"slide\" aria-label=\"6 de 21\"><a data-elementor-open-lightbox=\"yes\" data-elementor-lightbox-slideshow=\"2b87f5d\" data-elementor-lightbox-title=\"6\" data-e-action-hash=\"#elementor-action%3Aaction%3Dlightbox%26settings%3DeyJpZCI6MTAzOSwidXJsIjoiaHR0cHM6XC9cL2RhbGxhc21vdGVsc2MuY29tLmJyXC9iaWd1YWN1XC93cC1jb250ZW50XC91cGxvYWRzXC8yMDI1XC8xMFwvNi0zLmpwZyIsInNsaWRlc2hvdyI6IjJiODdmNWQifQ%3D%3D\" href=\"https:\/\/dallasmotelsc.com.br\/biguacu\/wp-content\/uploads\/2025\/10\/6-3.jpg\"><figure class=\"swiper-slide-inner\"><img class=\"swiper-slide-image swiper-lazy\" data-src=\"https:\/\/dallasmotelsc.com.br\/biguacu\/wp-content\/uploads\/elementor\/thumbs\/6-3-rd5mez21bsj58nkpoqez7x8lt4gfen3dk1cuawteao.jpg\" alt=\"6\" \/><div class=\"swiper-lazy-preloader\"><\/div><\/figure><\/a><\/div><div class=\"swiper-slide\" role=\"group\" aria-roledescription=\"slide\" aria-label=\"7 de 21\"><a data-elementor-open-lightbox=\"yes\" data-elementor-lightbox-slideshow=\"2b87f5d\" data-elementor-lightbox-title=\"7\" data-e-action-hash=\"#elementor-action%3Aaction%3Dlightbox%26settings%3DeyJpZCI6MTA0MCwidXJsIjoiaHR0cHM6XC9cL2RhbGxhc21vdGVsc2MuY29tLmJyXC9iaWd1YWN1XC93cC1jb250ZW50XC91cGxvYWRzXC8yMDI1XC8xMFwvNy0zLmpwZyIsInNsaWRlc2hvdyI6IjJiODdmNWQifQ%3D%3D\" href=\"https:\/\/dallasmotelsc.com.br\/biguacu\/wp-content\/uploads\/2025\/10\/7-3.jpg\"><figure class=\"swiper-slide-inner\"><img class=\"swiper-slide-image swiper-lazy\" data-src=\"https:\/\/dallasmotelsc.com.br\/biguacu\/wp-content\/uploads\/elementor\/thumbs\/7-3-rd5mf0xppglpvvhzdr88cwrizw75u1au8ant9gqly8.jpg\" alt=\"7\" \/><div class=\"swiper-lazy-preloader\"><\/div><\/figure><\/a><\/div><div class=\"swiper-slide\" role=\"group\" aria-roledescription=\"slide\" aria-label=\"8 de 21\"><a data-elementor-open-lightbox=\"yes\" data-elementor-lightbox-slideshow=\"2b87f5d\" data-elementor-lightbox-title=\"8\" data-e-action-hash=\"#elementor-action%3Aaction%3Dlightbox%26settings%3DeyJpZCI6MTA0MSwidXJsIjoiaHR0cHM6XC9cL2RhbGxhc21vdGVsc2MuY29tLmJyXC9iaWd1YWN1XC93cC1jb250ZW50XC91cGxvYWRzXC8yMDI1XC8xMFwvOC0zLmpwZyIsInNsaWRlc2hvdyI6IjJiODdmNWQifQ%3D%3D\" href=\"https:\/\/dallasmotelsc.com.br\/biguacu\/wp-content\/uploads\/2025\/10\/8-3.jpg\"><figure class=\"swiper-slide-inner\"><img class=\"swiper-slide-image swiper-lazy\" data-src=\"https:\/\/dallasmotelsc.com.br\/biguacu\/wp-content\/uploads\/elementor\/thumbs\/8-3-rd5mf2te34oaj3f92s1hhwag6nxw9fiawjys80ntls.jpg\" alt=\"8\" \/><div class=\"swiper-lazy-preloader\"><\/div><\/figure><\/a><\/div><div class=\"swiper-slide\" role=\"group\" aria-roledescription=\"slide\" aria-label=\"9 de 21\"><a data-elementor-open-lightbox=\"yes\" data-elementor-lightbox-slideshow=\"2b87f5d\" data-elementor-lightbox-title=\"9\" data-e-action-hash=\"#elementor-action%3Aaction%3Dlightbox%26settings%3DeyJpZCI6MTA0MiwidXJsIjoiaHR0cHM6XC9cL2RhbGxhc21vdGVsc2MuY29tLmJyXC9iaWd1YWN1XC93cC1jb250ZW50XC91cGxvYWRzXC8yMDI1XC8xMFwvOS0zLmpwZyIsInNsaWRlc2hvdyI6IjJiODdmNWQifQ%3D%3D\" href=\"https:\/\/dallasmotelsc.com.br\/biguacu\/wp-content\/uploads\/2025\/10\/9-3.jpg\"><figure class=\"swiper-slide-inner\"><img class=\"swiper-slide-image swiper-lazy\" data-src=\"https:\/\/dallasmotelsc.com.br\/biguacu\/wp-content\/uploads\/elementor\/thumbs\/9-3-rd5mf4p2gsqv6bcirsuqmvtddfomotprkt9r6kl19c.jpg\" alt=\"9\" \/><div class=\"swiper-lazy-preloader\"><\/div><\/figure><\/a><\/div><div class=\"swiper-slide\" role=\"group\" aria-roledescription=\"slide\" aria-label=\"10 de 21\"><a data-elementor-open-lightbox=\"yes\" data-elementor-lightbox-slideshow=\"2b87f5d\" data-elementor-lightbox-title=\"10\" data-e-action-hash=\"#elementor-action%3Aaction%3Dlightbox%26settings%3DeyJpZCI6MTA0MywidXJsIjoiaHR0cHM6XC9cL2RhbGxhc21vdGVsc2MuY29tLmJyXC9iaWd1YWN1XC93cC1jb250ZW50XC91cGxvYWRzXC8yMDI1XC8xMFwvMTAtMS5qcGciLCJzbGlkZXNob3ciOiIyYjg3ZjVkIn0%3D\" href=\"https:\/\/dallasmotelsc.com.br\/biguacu\/wp-content\/uploads\/2025\/10\/10-1.jpg\"><figure class=\"swiper-slide-inner\"><img class=\"swiper-slide-image swiper-lazy\" data-src=\"https:\/\/dallasmotelsc.com.br\/biguacu\/wp-content\/uploads\/elementor\/thumbs\/10-1-rd5mf5mwnms5hxb5mb9d7dktytjzwithwxx8nujn34.jpg\" alt=\"10\" \/><div class=\"swiper-lazy-preloader\"><\/div><\/figure><\/a><\/div><div class=\"swiper-slide\" role=\"group\" aria-roledescription=\"slide\" aria-label=\"11 de 21\"><a data-elementor-open-lightbox=\"yes\" data-elementor-lightbox-slideshow=\"2b87f5d\" data-elementor-lightbox-title=\"11\" data-e-action-hash=\"#elementor-action%3Aaction%3Dlightbox%26settings%3DeyJpZCI6MTA0NCwidXJsIjoiaHR0cHM6XC9cL2RhbGxhc21vdGVsc2MuY29tLmJyXC9iaWd1YWN1XC93cC1jb250ZW50XC91cGxvYWRzXC8yMDI1XC8xMFwvMTEtMS5qcGciLCJzbGlkZXNob3ciOiIyYjg3ZjVkIn0%3D\" href=\"https:\/\/dallasmotelsc.com.br\/biguacu\/wp-content\/uploads\/2025\/10\/11-1.jpg\"><figure class=\"swiper-slide-inner\"><img class=\"swiper-slide-image swiper-lazy\" data-src=\"https:\/\/dallasmotelsc.com.br\/biguacu\/wp-content\/uploads\/elementor\/thumbs\/11-1-rd5mf7il1auq558fbc2mcd3r5laqbx0yl787meguqo.jpg\" alt=\"11\" \/><div class=\"swiper-lazy-preloader\"><\/div><\/figure><\/a><\/div><div class=\"swiper-slide\" role=\"group\" aria-roledescription=\"slide\" aria-label=\"12 de 21\"><a data-elementor-open-lightbox=\"yes\" data-elementor-lightbox-slideshow=\"2b87f5d\" data-elementor-lightbox-title=\"12\" data-e-action-hash=\"#elementor-action%3Aaction%3Dlightbox%26settings%3DeyJpZCI6MTA0NSwidXJsIjoiaHR0cHM6XC9cL2RhbGxhc21vdGVsc2MuY29tLmJyXC9iaWd1YWN1XC93cC1jb250ZW50XC91cGxvYWRzXC8yMDI1XC8xMFwvMTItMS5qcGciLCJzbGlkZXNob3ciOiIyYjg3ZjVkIn0%3D\" href=\"https:\/\/dallasmotelsc.com.br\/biguacu\/wp-content\/uploads\/2025\/10\/12-1.jpg\"><figure class=\"swiper-slide-inner\"><img class=\"swiper-slide-image swiper-lazy\" data-src=\"https:\/\/dallasmotelsc.com.br\/biguacu\/wp-content\/uploads\/elementor\/thumbs\/12-1-rd5mf9e9eyxasd5p0cvvhcmocd1grb8f9gj6kye2e8.jpg\" alt=\"12\" \/><div class=\"swiper-lazy-preloader\"><\/div><\/figure><\/a><\/div><div class=\"swiper-slide\" role=\"group\" aria-roledescription=\"slide\" aria-label=\"13 de 21\"><a data-elementor-open-lightbox=\"yes\" data-elementor-lightbox-slideshow=\"2b87f5d\" data-elementor-lightbox-title=\"apto-luxo\" data-e-action-hash=\"#elementor-action%3Aaction%3Dlightbox%26settings%3DeyJpZCI6MTAyOCwidXJsIjoiaHR0cHM6XC9cL2RhbGxhc21vdGVsc2MuY29tLmJyXC9iaWd1YWN1XC93cC1jb250ZW50XC91cGxvYWRzXC8yMDI1XC8xMFwvYXB0by1sdXhvLTEuanBnIiwic2xpZGVzaG93IjoiMmI4N2Y1ZCJ9\" href=\"https:\/\/dallasmotelsc.com.br\/biguacu\/wp-content\/uploads\/2025\/10\/apto-luxo-1.jpg\"><figure class=\"swiper-slide-inner\"><img class=\"swiper-slide-image swiper-lazy\" data-src=\"https:\/\/dallasmotelsc.com.br\/biguacu\/wp-content\/uploads\/elementor\/thumbs\/apto-luxo-1-rd5m3hh1soszc89grrn4qtlsfl2xbthhb6b755umcg.jpg\" alt=\"apto-luxo\" \/><div class=\"swiper-lazy-preloader\"><\/div><\/figure><\/a><\/div><div class=\"swiper-slide\" role=\"group\" aria-roledescription=\"slide\" aria-label=\"14 de 21\"><a data-elementor-open-lightbox=\"yes\" data-elementor-lightbox-slideshow=\"2b87f5d\" data-elementor-lightbox-title=\"apto-luxo (9)\" data-e-action-hash=\"#elementor-action%3Aaction%3Dlightbox%26settings%3DeyJpZCI6MTAyNywidXJsIjoiaHR0cHM6XC9cL2RhbGxhc21vdGVsc2MuY29tLmJyXC9iaWd1YWN1XC93cC1jb250ZW50XC91cGxvYWRzXC8yMDI1XC8xMFwvYXB0by1sdXhvLTktMS5qcGciLCJzbGlkZXNob3ciOiIyYjg3ZjVkIn0%3D\" href=\"https:\/\/dallasmotelsc.com.br\/biguacu\/wp-content\/uploads\/2025\/10\/apto-luxo-9-1.jpg\"><figure class=\"swiper-slide-inner\"><img class=\"swiper-slide-image swiper-lazy\" data-src=\"https:\/\/dallasmotelsc.com.br\/biguacu\/wp-content\/uploads\/elementor\/thumbs\/apto-luxo-9-1-rd5m3fldf0qep0c72qtvlu2v8tc6wfa0mx086lxeow.jpg\" alt=\"apto-luxo (9)\" \/><div class=\"swiper-lazy-preloader\"><\/div><\/figure><\/a><\/div><div class=\"swiper-slide\" role=\"group\" aria-roledescription=\"slide\" aria-label=\"15 de 21\"><a data-elementor-open-lightbox=\"yes\" data-elementor-lightbox-slideshow=\"2b87f5d\" data-elementor-lightbox-title=\"apto-luxo (8)\" data-e-action-hash=\"#elementor-action%3Aaction%3Dlightbox%26settings%3DeyJpZCI6MTAyNiwidXJsIjoiaHR0cHM6XC9cL2RhbGxhc21vdGVsc2MuY29tLmJyXC9iaWd1YWN1XC93cC1jb250ZW50XC91cGxvYWRzXC8yMDI1XC8xMFwvYXB0by1sdXhvLTgtMS5qcGciLCJzbGlkZXNob3ciOiIyYjg3ZjVkIn0%3D\" href=\"https:\/\/dallasmotelsc.com.br\/biguacu\/wp-content\/uploads\/2025\/10\/apto-luxo-8-1.jpg\"><figure class=\"swiper-slide-inner\"><img class=\"swiper-slide-image swiper-lazy\" data-src=\"https:\/\/dallasmotelsc.com.br\/biguacu\/wp-content\/uploads\/elementor\/thumbs\/apto-luxo-8-1-rd5m3enj86p4dedk88f91cbenfgtoq6aascqpbysv4.jpg\" alt=\"apto-luxo (8)\" \/><div class=\"swiper-lazy-preloader\"><\/div><\/figure><\/a><\/div><div class=\"swiper-slide\" role=\"group\" aria-roledescription=\"slide\" aria-label=\"16 de 21\"><a data-elementor-open-lightbox=\"yes\" data-elementor-lightbox-slideshow=\"2b87f5d\" data-elementor-lightbox-title=\"apto-luxo (7)\" data-e-action-hash=\"#elementor-action%3Aaction%3Dlightbox%26settings%3DeyJpZCI6MTAyNSwidXJsIjoiaHR0cHM6XC9cL2RhbGxhc21vdGVsc2MuY29tLmJyXC9iaWd1YWN1XC93cC1jb250ZW50XC91cGxvYWRzXC8yMDI1XC8xMFwvYXB0by1sdXhvLTctMS5qcGciLCJzbGlkZXNob3ciOiIyYjg3ZjVkIn0%3D\" href=\"https:\/\/dallasmotelsc.com.br\/biguacu\/wp-content\/uploads\/2025\/10\/apto-luxo-7-1.jpg\"><figure class=\"swiper-slide-inner\"><img class=\"swiper-slide-image swiper-lazy\" data-src=\"https:\/\/dallasmotelsc.com.br\/biguacu\/wp-content\/uploads\/elementor\/thumbs\/apto-luxo-7-1-rd5m3cruuimjq6gaj7lzwcshgnq39bytmj1rqs1l7k.jpg\" alt=\"apto-luxo (7)\" \/><div class=\"swiper-lazy-preloader\"><\/div><\/figure><\/a><\/div><div class=\"swiper-slide\" role=\"group\" aria-roledescription=\"slide\" aria-label=\"17 de 21\"><a data-elementor-open-lightbox=\"yes\" data-elementor-lightbox-slideshow=\"2b87f5d\" data-elementor-lightbox-title=\"apto-luxo (6)\" data-e-action-hash=\"#elementor-action%3Aaction%3Dlightbox%26settings%3DeyJpZCI6MTAyNCwidXJsIjoiaHR0cHM6XC9cL2RhbGxhc21vdGVsc2MuY29tLmJyXC9iaWd1YWN1XC93cC1jb250ZW50XC91cGxvYWRzXC8yMDI1XC8xMFwvYXB0by1sdXhvLTYtMS5qcGciLCJzbGlkZXNob3ciOiIyYjg3ZjVkIn0%3D\" href=\"https:\/\/dallasmotelsc.com.br\/biguacu\/wp-content\/uploads\/2025\/10\/apto-luxo-6-1.jpg\"><figure class=\"swiper-slide-inner\"><img class=\"swiper-slide-image swiper-lazy\" data-src=\"https:\/\/dallasmotelsc.com.br\/biguacu\/wp-content\/uploads\/elementor\/thumbs\/apto-luxo-6-1-rd5m3aw6gujz2yj0u6sqrd9k9vzctxrcy9qss84dk0.jpg\" alt=\"apto-luxo (6)\" \/><div class=\"swiper-lazy-preloader\"><\/div><\/figure><\/a><\/div><div class=\"swiper-slide\" role=\"group\" aria-roledescription=\"slide\" aria-label=\"18 de 21\"><a data-elementor-open-lightbox=\"yes\" data-elementor-lightbox-slideshow=\"2b87f5d\" data-elementor-lightbox-title=\"apto-luxo (5)\" data-e-action-hash=\"#elementor-action%3Aaction%3Dlightbox%26settings%3DeyJpZCI6MTAyMywidXJsIjoiaHR0cHM6XC9cL2RhbGxhc21vdGVsc2MuY29tLmJyXC9iaWd1YWN1XC93cC1jb250ZW50XC91cGxvYWRzXC8yMDI1XC8xMFwvYXB0by1sdXhvLTUtMS5qcGciLCJzbGlkZXNob3ciOiIyYjg3ZjVkIn0%3D\" href=\"https:\/\/dallasmotelsc.com.br\/biguacu\/wp-content\/uploads\/2025\/10\/apto-luxo-5-1.jpg\"><figure class=\"swiper-slide-inner\"><img class=\"swiper-slide-image swiper-lazy\" data-src=\"https:\/\/dallasmotelsc.com.br\/biguacu\/wp-content\/uploads\/elementor\/thumbs\/apto-luxo-5-1-rd5m390i36hefqlr55zhmdqn348mejjwa0ftto75wg.jpg\" alt=\"apto-luxo (5)\" \/><div class=\"swiper-lazy-preloader\"><\/div><\/figure><\/a><\/div><div class=\"swiper-slide\" role=\"group\" aria-roledescription=\"slide\" aria-label=\"19 de 21\"><a data-elementor-open-lightbox=\"yes\" data-elementor-lightbox-slideshow=\"2b87f5d\" data-elementor-lightbox-title=\"apto-luxo (4)\" data-e-action-hash=\"#elementor-action%3Aaction%3Dlightbox%26settings%3DeyJpZCI6MTAyMiwidXJsIjoiaHR0cHM6XC9cL2RhbGxhc21vdGVsc2MuY29tLmJyXC9iaWd1YWN1XC93cC1jb250ZW50XC91cGxvYWRzXC8yMDI1XC8xMFwvYXB0by1sdXhvLTQtMS5qcGciLCJzbGlkZXNob3ciOiIyYjg3ZjVkIn0%3D\" href=\"https:\/\/dallasmotelsc.com.br\/biguacu\/wp-content\/uploads\/2025\/10\/apto-luxo-4-1.jpg\"><figure class=\"swiper-slide-inner\"><img class=\"swiper-slide-image swiper-lazy\" data-src=\"https:\/\/dallasmotelsc.com.br\/biguacu\/wp-content\/uploads\/elementor\/thumbs\/apto-luxo-4-1-rd5m382nwcg444n4ankv1vz6hqd96ug5xvscce8k2o.jpg\" alt=\"apto-luxo (4)\" \/><div class=\"swiper-lazy-preloader\"><\/div><\/figure><\/a><\/div><div class=\"swiper-slide\" role=\"group\" aria-roledescription=\"slide\" aria-label=\"20 de 21\"><a data-elementor-open-lightbox=\"yes\" data-elementor-lightbox-slideshow=\"2b87f5d\" data-elementor-lightbox-title=\"apto-luxo (3)\" data-e-action-hash=\"#elementor-action%3Aaction%3Dlightbox%26settings%3DeyJpZCI6MTAyMSwidXJsIjoiaHR0cHM6XC9cL2RhbGxhc21vdGVsc2MuY29tLmJyXC9iaWd1YWN1XC93cC1jb250ZW50XC91cGxvYWRzXC8yMDI1XC8xMFwvYXB0by1sdXhvLTMtMS5qcGciLCJzbGlkZXNob3ciOiIyYjg3ZjVkIn0%3D\" href=\"https:\/\/dallasmotelsc.com.br\/biguacu\/wp-content\/uploads\/2025\/10\/apto-luxo-3-1.jpg\"><figure class=\"swiper-slide-inner\"><img class=\"swiper-slide-image swiper-lazy\" data-src=\"https:\/\/dallasmotelsc.com.br\/biguacu\/wp-content\/uploads\/elementor\/thumbs\/apto-luxo-3-1-rd5m366ziodjgwpulmrlwwg9aymirg8p9mhddubcf4.jpg\" alt=\"apto-luxo (3)\" \/><div class=\"swiper-lazy-preloader\"><\/div><\/figure><\/a><\/div><div class=\"swiper-slide\" role=\"group\" aria-roledescription=\"slide\" aria-label=\"21 de 21\"><a data-elementor-open-lightbox=\"yes\" data-elementor-lightbox-slideshow=\"2b87f5d\" data-elementor-lightbox-title=\"apto-luxo (2)\" data-e-action-hash=\"#elementor-action%3Aaction%3Dlightbox%26settings%3DeyJpZCI6MTAyMCwidXJsIjoiaHR0cHM6XC9cL2RhbGxhc21vdGVsc2MuY29tLmJyXC9iaWd1YWN1XC93cC1jb250ZW50XC91cGxvYWRzXC8yMDI1XC8xMFwvYXB0by1sdXhvLTItMS5qcGciLCJzbGlkZXNob3ciOiIyYjg3ZjVkIn0%3D\" href=\"https:\/\/dallasmotelsc.com.br\/biguacu\/wp-content\/uploads\/2025\/10\/apto-luxo-2-1.jpg\"><figure class=\"swiper-slide-inner\"><img class=\"swiper-slide-image swiper-lazy\" data-src=\"https:\/\/dallasmotelsc.com.br\/biguacu\/wp-content\/uploads\/elementor\/thumbs\/apto-luxo-2-1-rd5m34bb50aytoskwlycrwxc46vsc218ld6efae4rk.jpg\" alt=\"apto-luxo (2)\" \/><div class=\"swiper-lazy-preloader\"><\/div><\/figure><\/a><\/div>\t\t\t<\/div>\n\t\t\t\t\t\t\t\t\t\t\t\t<div class=\"elementor-swiper-button elementor-swiper-button-prev\" role=\"button\" tabindex=\"0\">\n\t\t\t\t\t\t<i aria-hidden=\"true\" class=\"eicon-chevron-left\"><\/i>\t\t\t\t\t<\/div>\n\t\t\t\t\t<div class=\"elementor-swiper-button elementor-swiper-button-next\" role=\"button\" tabindex=\"0\">\n\t\t\t\t\t\t<i aria-hidden=\"true\" class=\"eicon-chevron-right\"><\/i>\t\t\t\t\t<\/div>\n\t\t\t\t\n\t\t\t\t\t\t\t\t\t<\/div>\n\t\t\t\t\t\t<\/div>\n\t\t\t\t<\/div>\n\t\t\t\t<\/div>\n\t\t\t\t<\/div>\n\t\t\t\t<\/div>\n\t\t","protected":false},"excerpt":{"rendered":"<p>Apartamento Dallas Elegante e acolhedora, esta su\u00edte com p\u00e9-direito mais alto, oferece conforto, amplitude, sofistica\u00e7\u00e3o e privacidade em um ambiente exclusivo. Equipada com TV de 40 polegadas, frigobar e ar-condicionado, permitindo bem-estar em todos os momentos.O jardim privativo nos aptos 11 e 12, e as&#8230;<\/p>\n","protected":false},"author":1,"featured_media":0,"parent":0,"menu_order":0,"comment_status":"closed","ping_status":"closed","template":"full_width.php","meta":{"footnotes":""},"class_list":["post-692","page","type-page","status-publish","hentry"],"_links":{"self":[{"href":"https:\/\/dallasmotelsc.com.br\/biguacu\/wp-json\/wp\/v2\/pages\/692","targetHints":{"allow":["GET"]}}],"collection":[{"href":"https:\/\/dallasmotelsc.com.br\/biguacu\/wp-json\/wp\/v2\/pages"}],"about":[{"href":"https:\/\/dallasmotelsc.com.br\/biguacu\/wp-json\/wp\/v2\/types\/page"}],"author":[{"embeddable":true,"href":"https:\/\/dallasmotelsc.com.br\/biguacu\/wp-json\/wp\/v2\/users\/1"}],"replies":[{"embeddable":true,"href":"https:\/\/dallasmotelsc.com.br\/biguacu\/wp-json\/wp\/v2\/comments?post=692"}],"version-history":[{"count":33,"href":"https:\/\/dallasmotelsc.com.br\/biguacu\/wp-json\/wp\/v2\/pages\/692\/revisions"}],"predecessor-version":[{"id":1249,"href":"https:\/\/dallasmotelsc.com.br\/biguacu\/wp-json\/wp\/v2\/pages\/692\/revisions\/1249"}],"wp:attachment":[{"href":"https:\/\/dallasmotelsc.com.br\/biguacu\/wp-json\/wp\/v2\/media?parent=692"}],"curies":[{"name":"wp","href":"https:\/\/api.w.org\/{rel}","templated":true}]}}